 n.
9
Suppose 11*i - 252 = 4*i. Suppose -12 - i = -4*g. Suppose -440 = 4*p - g*p. Calculate the greatest common divisor of 11 and p.
11
Suppose 3*r - 47 - 121 = 0. What is the highest common divisor of r and 1680?
56
Let l(u) = 2*u**2 + 2*u + 1. Let y be l(2). Let r(a) = -a + 131. Let g be r(27). Calculate the highest common divisor of y and g.
13
Let s = -68 - -37. Let b = s - -14. Let g = b + 31. What is the highest common factor of 35 and g?
7
Let j(n) = 29*n + 304. Let b be j(-10). Let f = 280 + -126. What is the highest common factor of f and b?
14
Suppose 12*n + 47 = 4*r + 7*n, -2*r + 21 = -3*n. Calculate the highest common factor of r and 108.
18
Suppose -27 + 491 = 4*j. Let x = 445 + -416. Calculate the highest common factor of x and j.
29
Suppose -5*p + 45 = 4*p. Suppose -4*n - p = -5*n. Suppose -3*a + 0*m = -n*m - 17, 55 = 5*a + 5*m. What is the greatest common divisor of a and 3?
3
Let q be ((-24)/14)/(10/(-105)). Suppose 2*h + 0*v - 243 = 3*v, -3*v = 5*h - 639. Calculate the highest common divisor of q and h.
18
Let u = 17 - 15. Suppose 0 = -4*g + 3*n + 59, u*n - 26 = -2*g - 0*g. Let x = 45 - 31. What is the highest common factor of x and g?
14
Let v be (24/15)/(18/45). Suppose 0 = -v*p + 19 + 13. Calculate the highest common divisor of p and 88.
8
Let v be ((-18)/24)/((-3)/720). Suppose -7*n + v = -n. Suppose 4*d - 5*c - 62 = n, 56 = 4*d + 4*c. What is the greatest common divisor of d and 54?
18
Let h = -61 + 66. Suppose 0*a - 135 = -h*a. Calculate the highest common factor of a and 9.
9
Let y(u) = -u**3 - 34*u**2 + 63*u - 34. Let m be y(-36). What is the greatest common factor of m and 174?
58
Suppose -16 = -3*c - 7. Let f be 3/(c + (-940)/315). What is the greatest common divisor of 27 and f?
27
Suppose 54*s - 2883 = 14451. Calculate the highest common divisor of s and 3.
3
Suppose 0 = 4*i - 3*r + 799 - 9813, 4*r = -4*i + 9028. What is the greatest common divisor of 55 and i?
55
Let q(t) = 3*t**3 - 8*t**2 - 8*t - 5. Let b be q(-5). Let m = -188 - b. Suppose 96 = 7*w - 4*w. What is the greatest common factor of w and m?
32
Let n = 797 - 385. Suppose -n = 7*h - 3*h. Let s = 202 + h. What is the greatest common factor of s and 9?
9
Suppose 3*h - 8*h - x - 10 = 0, 2*x + 10 = 0. Let z = h - 9. Let m = 25 + z. What is the greatest common factor of m and 60?
15
Let m(g) = g**3 - 13*g - 12. Let j be m(5). Suppose 0 = 3*c + 3*b - 210, -b - 25 = -2*c + 121. Calculate the greatest common divisor of j and c.
24
Suppose -42 = -623*z + 622*z. Calculate the highest common factor of 42 and z.
42
Let d be (-2)/(1 + 3)*-2. Suppose 11 = 4*w - d. Suppose 210 = 2*x + w*x. Calculate the greatest common divisor of 28 and x.
14
Suppose -5*u - j = 53, -3*u = 16*j - 14*j + 29. Let n = 25 + u. Calculate the highest common factor of n and 14.
14
Suppose -92 = -f + 3*x, 0*f + 3*x = -3*f + 216. Calculate the highest common factor of f and 7.
7
Let x = -8 + 18. Suppose 8*j - 3*j = 75. Calculate the greatest common divisor of j and x.
5
Let y = 1175 - 625. Calculate the highest common factor of y and 50.
50
Let z be 1 - (-3 - 29) - 1. Suppose 6*j - z = 2*j. Let q(i) = -i**2 - 3*i + 4. Let d be q(-3). What is the greatest common factor of d and j?
4
Suppose 2*m - 4321 = -20*t + 21*t, -3*m + 6483 = -2*t. Calculate the greatest common divisor of m and 17.
17
Let t(w) = w**3 - 6*w**2 - 3*w - 4. Let h = -8 + 15. Let r be t(h). Let x = 165 + -105. What is the greatest common divisor of x and r?
12
Let b(p) = -2*p**2 + 4*p - 3. Let d be b(3). Let y = d - -16. Let v be (1 + y)*(-15)/(-12). What is the highest common factor of 10 and v?
10
Let v = 2 + 1. Let a be 34 - v - (-1 + -1). Let c = a - 29. What is the greatest common divisor of 20 and c?
4
Suppose -z + 90 = -79. Calculate the highest common factor of 13 and z.
13
Suppose -2*s + 5*s + 1683 = 4*u, 2*u = 2*s + 840. Let c = u - 71. What is the greatest common divisor of 32 and c?
32
Let j = 0 - -4. Suppose 3*o + 52 = -2*n, j*n + 32 = -0*o - 2*o. Let m = -13 - o. What is the greatest common divisor of 55 and m?
5
Let y(c) = 3*c**2 + c + 2. Let l be y(2). Let r = 43 - 27. Suppose 2*p = 2*v - r, 6*p - 3*p = 5*v - 40. Calculate the greatest common divisor of l and v.
8
Suppose 92*c - 93*c = 6. Let i(q) = 9 - 12 + 1 + 7*q**2 + q**3 + 4*q. Let w be i(c). What is the highest common divisor of w and 10?
10
Suppose 77 = 2*h + j, -4*j + 35 + 33 = 2*h. What is the highest common divisor of h and 140?
20
Suppose -2*i - 27 = -5*a + i, 4*a - 4 = -2*i. Let b = -32 + 59. What is the greatest common divisor of b and a?
3
Let f(m) = -2*m + 258. Let j be f(25). Calculate the highest common factor of 16 and j.
16
Let s be (4/6)/(-1)*-30. Let g be (72/(-15))/((-6)/s). Let u = g + -4. Calculate the greatest common divisor of u and 18.
6
Suppose -258 = -3*g + 75. Let y = 474 - g. Calculate the highest common divisor of y and 33.
33
Let i be (-1 - 2 - -3)/(-2). Suppose -3*v + i*v + 5*d = -33, 2*d = -5*v + 55. Calculate the highest common divisor of v and 1.
1
Let o be 5*-1*(16 + -17). Suppose t + n = -n + 42, 0 = -o*t + 3*n + 223. What is the highest common divisor of t and 11?
11
Let m = -7 - -4. Let q be m/(-2)*(-28)/(-3). Let s be 27/((-1215)/30) - ((-299)/3 - -1). Calculate the highest common divisor of q and s.
14
Let n(a) = 2*a + 39. Suppose 5*h - 15 = 5. Let g = -4 + h. Let m be n(g). Calculate the greatest common factor of m and 13.
13
Suppose -l = -0*l - 1. Let z(j) = 174*j**2 - j + 1. Let y be z(l). Suppose 7*i - 4*h - y = 4*i, 0 = -3*h - 9. Calculate the highest common divisor of 18 and i.
18
Let i(k) = -25*k - 152. Let v be i(-14). Calculate the greatest common divisor of 693 and v.
99
Let a = -293 - -302. Calculate the highest common divisor of a and 147.
3
Suppose 0*o = -19*o + 2166. What is the highest common factor of 38 and o?
38
Let z = 28 - 20. Let r = 200 - 198. What is the highest common factor of r and z?
2
Suppose -4*g = -25 - 71. Let r = 131 + 85. What is the highest common factor of g and r?
24
Let f = 1 + 7. Let k be 6*((-1)/(-6))/(2/8). Suppose -3*b + 5*w + 96 = 10, -k*b = 4*w - 136. Calculate the greatest common divisor of b and f.
8
Let k(c) = 7*c**2 + 11*c - 32. Let t be k(8). What is the highest common factor of 448 and t?
56
Let t(m) = -m**2 + 15*m. Let y be t(15). Suppose q - 2 + 4 = y. Let s(w) = 3*w**2 - w - 4. Let f be s(q). Calculate the greatest common factor of f and 25.
5
Let w(j) = 6*j**2 + 3*j - 3. Let o be w(-2). Suppose o*g + 616 = 19*g. Calculate the greatest common factor of 22 and g.
22
Let p be (-5)/(10/(-4)) + 1. Suppose 0 = q - z + 32 + 107, 0 = -p*q - 3*z - 423. Let o = -68 - q. Calculate the highest common divisor of 9 and o.
9
Suppose 0 = -2*y - 5*q - 0*q + 112, -y - q + 56 = 0. Let n(v) = 4*v + 3*v - 8 + v**3 + 0*v. Let t be n(4). What is the greatest common divisor of y and t?
28
Let y be (2 + (-7)/2)/((-30)/1140). What is the greatest common divisor of y and 3?
3
Let j(f) = -f - 3. Let d be j(-7). Suppose d = 7*h - 3. What is the highest common divisor of 1 and h?
1
Let r be (-2)/(-8) + -1 + 908/16. Suppose r = 4*d + u, 4*d + u - 48 = 2*u. What is the greatest common factor of d and 91?
13
Let z be ((-1705)/(-165))/((-1)/((-15)/1)). What is the greatest common factor of z and 527?
31
Suppose 2*s - 8 - 2 = 0. Suppose -4*q - 2*t = -10, -3*t + 2 - s = 0. Calculate the highest common divisor of q and 27.
3
Suppose 60*p = 39*p + 1260. What is the highest common factor of p and 20?
20
Suppose -185*j + 167*j + 72 = 0. Calculate the greatest common divisor of j and 1348.
4
Suppose -3*l - 18 = 12. Let b be (-4 - 32/l)*-30. What is the highest common divisor of b and 216?
24
Let g(b) = -b**3 - 11*b**2 - b - 4. Let w be g(-11). Suppose -w*f = -46 + 4. Suppose -8 = -4*c - 0*c. Calculate the greatest common divisor of c and f.
2
Let f be 15/2 - ((-1)/2 - 0). Suppose 4*l - 5*j = 63, 5*l = l - 5*j + 33. What is the highest common factor of l and f?
4
Let x = -134 + 627. Calculate the highest common factor of 17 and x.
17
Let c = 9 - 18. Let m = c - -25. What is the greatest common factor of m and 112?
16
Suppose 0 = -23*v + 12176 - 745. Calculate the greatest common factor of v and 355.
71
Let m(n) = -4*n**2 - 70*n - 73. Let d be m(-15). Calculate the highest common divisor of 220 and d.
11
S